{"id":33,"date":"2019-10-25T13:37:37","date_gmt":"2019-10-25T11:37:37","guid":{"rendered":"http:\/\/127.0.0.1\/wordpress\/?page_id=11"},"modified":"2026-04-13T10:34:35","modified_gmt":"2026-04-13T10:34:35","slug":"der-verein","status":"publish","type":"page","link":"https:\/\/boulin-rouge.de\/?page_id=33","title":{"rendered":"Der Verein"},"content":{"rendered":"\t\t<div data-elementor-type=\"wp-page\" data-elementor-id=\"33\" class=\"elementor elementor-33\">\n\t\t\t\t\t\t<section class=\"elementor-section elementor-top-section elementor-element elementor-element-1f79413 elementor-section-boxed elementor-section-height-default elementor-section-height-default\" data-id=\"1f79413\" data-element_type=\"section\" data-e-type=\"section\">\n\t\t\t\t\t\t<div class=\"elementor-container elementor-column-gap-default\">\n\t\t\t\t\t<div class=\"elementor-column elementor-col-100 elementor-top-column elementor-element elementor-element-2a49552\" data-id=\"2a49552\" data-element_type=\"column\" data-e-type=\"column\">\n\t\t\t<div class=\"elementor-widget-wrap elementor-element-populated\">\n\t\t\t\t\t\t<div class=\"elementor-element elementor-element-e5c03e4 elementor-widget elementor-widget-spacer\" data-id=\"e5c03e4\" data-element_type=\"widget\" data-e-type=\"widget\" data-widget_type=\"spacer.default\">\n\t\t\t\t<div class=\"elementor-widget-container\">\n\t\t\t\t\t\t\t<div class=\"elementor-spacer\">\n\t\t\t<div class=\"elementor-spacer-inner\"><\/div>\n\t\t<\/div>\n\t\t\t\t\t\t<\/div>\n\t\t\t\t<\/div>\n\t\t\t\t\t<\/div>\n\t\t<\/div>\n\t\t\t\t\t<\/div>\n\t\t<\/section>\n\t\t\t\t<section class=\"elementor-section elementor-top-section elementor-element elementor-element-eba284d elementor-section-boxed elementor-section-height-default elementor-section-height-default\" data-id=\"eba284d\" data-element_type=\"section\" data-e-type=\"section\">\n\t\t\t\t\t\t<div class=\"elementor-container elementor-column-gap-default\">\n\t\t\t\t\t<div class=\"elementor-column elementor-col-100 elementor-top-column elementor-element elementor-element-6e4abc3\" data-id=\"6e4abc3\" data-element_type=\"column\" data-e-type=\"column\">\n\t\t\t<div class=\"elementor-widget-wrap elementor-element-populated\">\n\t\t\t\t\t\t<div class=\"elementor-element elementor-element-a3360d6 elementor-widget elementor-widget-heading\" data-id=\"a3360d6\" data-element_type=\"widget\" data-e-type=\"widget\" data-widget_type=\"heading.default\">\n\t\t\t\t<div class=\"elementor-widget-container\">\n\t\t\t\t\t<h2 class=\"elementor-heading-title elementor-size-default\">Chronik<\/h2>\t\t\t\t<\/div>\n\t\t\t\t<\/div>\n\t\t\t\t<div class=\"elementor-element elementor-element-dd248ef elementor-widget elementor-widget-text-editor\" data-id=\"dd248ef\" data-element_type=\"widget\" data-e-type=\"widget\" data-widget_type=\"text-editor.default\">\n\t\t\t\t<div class=\"elementor-widget-container\">\n\t\t\t\t\t\t\t\t\t<p>1991 trafen sich 16 engagierte Boulespielerinnen und Boulespieler in Karlsbad-Ittersbach, um den Boule-Club 1991 &#8222;Boulin-Rouge&#8220; Karlsbad e.V. zu gr\u00fcnden. Der Eintrag ins Vereinsregister erfolgte am 17.03.1992. Von den Gr\u00fcndungsmitgliedern sind heute noch mehrere Spieler aktiv dabei. Am 28.10.2013 wurde der Verein, lt. Satzungsneufassung, ge\u00e4ndert in Boule-Club 1991 &#8222;Boulin Rouge&#8220; Straubenhardt\/Karlsbad e.V. Der Verein hat derzeit ca. 40 Mitglieder.<\/p>\t\t\t\t\t\t\t\t<\/div>\n\t\t\t\t<\/div>\n\t\t\t\t\t<\/div>\n\t\t<\/div>\n\t\t\t\t\t<\/div>\n\t\t<\/section>\n\t\t\t\t<section class=\"elementor-section elementor-top-section elementor-element elementor-element-d2a5675 elementor-section-boxed elementor-section-height-default elementor-section-height-default\" data-id=\"d2a5675\" data-element_type=\"section\" data-e-type=\"section\">\n\t\t\t\t\t\t<div class=\"elementor-container elementor-column-gap-default\">\n\t\t\t\t\t<div class=\"elementor-column elementor-col-100 elementor-top-column elementor-element elementor-element-c0d9219\" data-id=\"c0d9219\" data-element_type=\"column\" data-e-type=\"column\">\n\t\t\t<div class=\"elementor-widget-wrap elementor-element-populated\">\n\t\t\t\t\t\t<div class=\"elementor-element elementor-element-d4ea696 elementor-widget elementor-widget-image\" data-id=\"d4ea696\" data-element_type=\"widget\" data-e-type=\"widget\" data-widget_type=\"image.default\">\n\t\t\t\t<div class=\"elementor-widget-container\">\n\t\t\t\t\t\t\t\t\t\t\t\t\t\t\t<img fetchpriority=\"high\" decoding=\"async\" width=\"640\" height=\"480\" src=\"https:\/\/boulin-rouge.de\/wp-content\/uploads\/2025\/01\/HuetteIMG_0009.jpg\" class=\"attachment-large size-large wp-image-868\" alt=\"\" srcset=\"https:\/\/boulin-rouge.de\/wp-content\/uploads\/2025\/01\/HuetteIMG_0009.jpg 640w, https:\/\/boulin-rouge.de\/wp-content\/uploads\/2025\/01\/HuetteIMG_0009-300x225.jpg 300w\" sizes=\"(max-width: 640px) 100vw, 640px\" \/>\t\t\t\t\t\t\t\t\t\t\t\t\t\t\t<\/div>\n\t\t\t\t<\/div>\n\t\t\t\t\t<\/div>\n\t\t<\/div>\n\t\t\t\t\t<\/div>\n\t\t<\/section>\n\t\t\t\t<section class=\"elementor-section elementor-top-section elementor-element elementor-element-4aca53c elementor-section-boxed elementor-section-height-default elementor-section-height-default\" data-id=\"4aca53c\" data-element_type=\"section\" data-e-type=\"section\">\n\t\t\t\t\t\t<div class=\"elementor-container elementor-column-gap-default\">\n\t\t\t\t\t<div class=\"elementor-column elementor-col-100 elementor-top-column elementor-element elementor-element-cd74850\" data-id=\"cd74850\" data-element_type=\"column\" data-e-type=\"column\">\n\t\t\t<div class=\"elementor-widget-wrap elementor-element-populated\">\n\t\t\t\t\t\t<div class=\"elementor-element elementor-element-2ae14d8 elementor-widget elementor-widget-text-editor\" data-id=\"2ae14d8\" data-element_type=\"widget\" data-e-type=\"widget\" data-widget_type=\"text-editor.default\">\n\t\t\t\t<div class=\"elementor-widget-container\">\n\t\t\t\t\t\t\t\t\t<p>Unser Vereinsgel\u00e4nde Ortsausgang Schwann &#8211; Kernstra\u00dfe 51 75334 Straubenhardt-Schwann<\/p>\t\t\t\t\t\t\t\t<\/div>\n\t\t\t\t<\/div>\n\t\t\t\t\t<\/div>\n\t\t<\/div>\n\t\t\t\t\t<\/div>\n\t\t<\/section>\n\t\t\t\t<section class=\"elementor-section elementor-top-section elementor-element elementor-element-3274304 elementor-section-boxed elementor-section-height-default elementor-section-height-default\" data-id=\"3274304\" data-element_type=\"section\" data-e-type=\"section\">\n\t\t\t\t\t\t<div class=\"elementor-container elementor-column-gap-default\">\n\t\t\t\t\t<div class=\"elementor-column elementor-col-100 elementor-top-column elementor-element elementor-element-4f4b3fb\" data-id=\"4f4b3fb\" data-element_type=\"column\" data-e-type=\"column\">\n\t\t\t<div class=\"elementor-widget-wrap elementor-element-populated\">\n\t\t\t\t\t\t<div class=\"elementor-element elementor-element-7a96873 elementor-widget elementor-widget-heading\" data-id=\"7a96873\" data-element_type=\"widget\" data-e-type=\"widget\" data-widget_type=\"heading.default\">\n\t\t\t\t<div class=\"elementor-widget-container\">\n\t\t\t\t\t<h2 class=\"elementor-heading-title elementor-size-default\">Unsere Vereinsmeister Tir de pr\u00e9cision<\/h2>\t\t\t\t<\/div>\n\t\t\t\t<\/div>\n\t\t\t\t\t<\/div>\n\t\t<\/div>\n\t\t\t\t\t<\/div>\n\t\t<\/section>\n\t\t\t\t<section class=\"elementor-section elementor-top-section elementor-element elementor-element-40eb297 elementor-section-boxed elementor-section-height-default elementor-section-height-default\" data-id=\"40eb297\" data-element_type=\"section\" data-e-type=\"section\">\n\t\t\t\t\t\t<div class=\"elementor-container elementor-column-gap-default\">\n\t\t\t\t\t<div class=\"elementor-column elementor-col-100 elementor-top-column elementor-element elementor-element-a01b40f\" data-id=\"a01b40f\" data-element_type=\"column\" data-e-type=\"column\">\n\t\t\t<div class=\"elementor-widget-wrap elementor-element-populated\">\n\t\t\t\t\t\t<div class=\"elementor-element elementor-element-400be43 elementor-widget elementor-widget-text-editor\" data-id=\"400be43\" data-element_type=\"widget\" data-e-type=\"widget\" data-widget_type=\"text-editor.default\">\n\t\t\t\t<div class=\"elementor-widget-container\">\n\t\t\t\t\t\t\t\t\t<p>2026:<\/p>\n<p>2025: Keine VM<\/p>\n<p>2024: Ulrich Nicol<\/p>\n<p>2023: Keine VM<\/p>\n<p>2022: Wolfgang Ungerer<\/p><p>2021: Rainer Merz<\/p><p>2020: Ulrich Nicol<\/p><p>2019: Torsten Landes<\/p><p>2018: Bernd-Jochen Metzger<\/p>\t\t\t\t\t\t\t\t<\/div>\n\t\t\t\t<\/div>\n\t\t\t\t\t<\/div>\n\t\t<\/div>\n\t\t\t\t\t<\/div>\n\t\t<\/section>\n\t\t\t\t<section class=\"elementor-section elementor-top-section elementor-element elementor-element-99ce5dd elementor-section-boxed elementor-section-height-default elementor-section-height-default\" data-id=\"99ce5dd\" data-element_type=\"section\" data-e-type=\"section\">\n\t\t\t\t\t\t<div class=\"elementor-container elementor-column-gap-default\">\n\t\t\t\t\t<div class=\"elementor-column elementor-col-50 elementor-top-column elementor-element elementor-element-09f1c10\" data-id=\"09f1c10\" data-element_type=\"column\" data-e-type=\"column\">\n\t\t\t<div class=\"elementor-widget-wrap elementor-element-populated\">\n\t\t\t\t\t\t<div class=\"elementor-element elementor-element-c537eaa elementor-widget elementor-widget-heading\" data-id=\"c537eaa\" data-element_type=\"widget\" data-e-type=\"widget\" data-widget_type=\"heading.default\">\n\t\t\t\t<div class=\"elementor-widget-container\">\n\t\t\t\t\t<h2 class=\"elementor-heading-title elementor-size-default\">Unsere Vereinsmeister T\u00eate-\u00e0-T\u00eate<\/h2>\t\t\t\t<\/div>\n\t\t\t\t<\/div>\n\t\t\t\t\t<\/div>\n\t\t<\/div>\n\t\t\t\t<div class=\"elementor-column elementor-col-50 elementor-top-column elementor-element elementor-element-dc7bede\" data-id=\"dc7bede\" data-element_type=\"column\" data-e-type=\"column\">\n\t\t\t<div class=\"elementor-widget-wrap elementor-element-populated\">\n\t\t\t\t\t\t<div class=\"elementor-element elementor-element-6bbc478 elementor-widget elementor-widget-heading\" data-id=\"6bbc478\" data-element_type=\"widget\" data-e-type=\"widget\" data-widget_type=\"heading.default\">\n\t\t\t\t<div class=\"elementor-widget-container\">\n\t\t\t\t\t<h2 class=\"elementor-heading-title elementor-size-default\">Unsere Vereinsmeister Doublette form\u00e9e<\/h2>\t\t\t\t<\/div>\n\t\t\t\t<\/div>\n\t\t\t\t\t<\/div>\n\t\t<\/div>\n\t\t\t\t\t<\/div>\n\t\t<\/section>\n\t\t\t\t<section class=\"elementor-section elementor-top-section elementor-element elementor-element-785d784 elementor-section-boxed elementor-section-height-default elementor-section-height-default\" data-id=\"785d784\" data-element_type=\"section\" data-e-type=\"section\">\n\t\t\t\t\t\t<div class=\"elementor-container elementor-column-gap-default\">\n\t\t\t\t\t<div class=\"elementor-column elementor-col-50 elementor-top-column elementor-element elementor-element-ca7b627\" data-id=\"ca7b627\" data-element_type=\"column\" data-e-type=\"column\">\n\t\t\t<div class=\"elementor-widget-wrap elementor-element-populated\">\n\t\t\t\t\t\t<div class=\"elementor-element elementor-element-3600a05 elementor-widget elementor-widget-text-editor\" data-id=\"3600a05\" data-element_type=\"widget\" data-e-type=\"widget\" data-widget_type=\"text-editor.default\">\n\t\t\t\t<div class=\"elementor-widget-container\">\n\t\t\t\t\t\t\t\t\t<p>2026:<\/p><p>2025: Keine VM<\/p><p>2024: Torsten Landes<\/p><p>2023: Keine VM<\/p><p>2022: Ralf Veit<\/p><p>2021: Torsten Landes<\/p><p>2020: Ralph Zimmermann<\/p><p>2019: Martin Hauser<\/p><p>2018: Torsten Landes<\/p><p>2017: Torsten Landes<\/p><p>2016: Rainer Merz<\/p><p>2015: Lukas Nicol<\/p><p>2014: Lukas Nicol<\/p><p>2013: J\u00fcrgen Freidenreich<\/p><p>2012: Rainer Merz<\/p><p>2011: Torsten Landes<\/p><p>2010: Joachim Drews<\/p><p>2009: Sieghard Hoferer<\/p><p>2008: Torsten Landes<\/p><p>2007: Harald Schmitt<\/p><p>2006: J\u00fcrgen Freidenreich<\/p><p>2005: Lukas Nicol<\/p><p>2004: Alex Malter<\/p><p>2003: Matthias\u00a0 B\u00f6hler<\/p><p>2002: Sonja Widmann<\/p><p>2001: Dieter Dietsche<\/p><p>2000: Ulrich Nicol<\/p><p>1999: Gunther Gegenheimer<\/p><p>1998: Wolfram Klein<\/p><p>1997: Georg Andler<\/p><p>1996: Matthias B\u00f6hler<\/p><p>1995: Ulrich Nicol<\/p><p>1994: Harald Schmitt<\/p><p>1993: Martina Wollnik<\/p><p>1992: Sieghard Hoferer<\/p><p>\u00a0<\/p>\t\t\t\t\t\t\t\t<\/div>\n\t\t\t\t<\/div>\n\t\t\t\t\t<\/div>\n\t\t<\/div>\n\t\t\t\t<div class=\"elementor-column elementor-col-50 elementor-top-column elementor-element elementor-element-3325a44\" data-id=\"3325a44\" data-element_type=\"column\" data-e-type=\"column\">\n\t\t\t<div class=\"elementor-widget-wrap elementor-element-populated\">\n\t\t\t\t\t\t<div class=\"elementor-element elementor-element-8683dbf elementor-widget elementor-widget-text-editor\" data-id=\"8683dbf\" data-element_type=\"widget\" data-e-type=\"widget\" data-widget_type=\"text-editor.default\">\n\t\t\t\t<div class=\"elementor-widget-container\">\n\t\t\t\t\t\t\t\t\t<p>2026:<\/p><p>2025: Keine VM<\/p><p>2024: Regina Jarosch, Hermann Leicht<\/p><p>2023: Stefan Klose, Torsten Landes<\/p><p>2022: Susanne Ungerer, Wolfgang Ungerer<\/p><p>2021: Keine VM<\/p><p>2020: Johannes Arnolds, J\u00fcrgen Herzog<\/p><p>2019: Sieghard Hoferer, Rainer Merz<\/p><p>2018: J\u00fcrgen Freidenreich, J\u00fcrgen Herzog<\/p><p>2017: Rainer Merz, Manfred Grimm<\/p><p>2016: Gerhard M\u00fcller, Lukas Nicol<\/p><p>2015: Torsten Landes, Ulrich Nicol<\/p><p>2014: Christine Trimpler, Ulrich Trimpler<\/p><p>2013: Lothar Mertz, Joachim Drews<\/p><p>2012: Alex Malter, Gerhard M\u00fcller<\/p><p>2011: Gabi Schmitt, Sieghard Hoferer<\/p><p>2010: Alex Malter, Gunther Gegenheimer<\/p><p>2009: Ulrich Nicol, J\u00fcrgen Freidenreich<\/p><p>2008: Ulrich Nicol, J\u00fcrgen Freidenreich<\/p><p>2007: Ulrich Nicol, J\u00fcrgen Freidenreich<\/p><p>2006: Lukas Nicol, Gerhard M\u00fcller<\/p><p>2005: Gerhard M\u00fcller, Alex Malter<\/p><p>2004: Ulrich Nicol, Lukas Nicol<\/p><p>2003: Matthias B\u00f6hler, Sieghard Hoferer<\/p><p>2002: Matthias B\u00f6hler, Sieghard Hoferer<\/p><p>2001: Dieter Dietsche, Sieghard Hoferer<\/p><p>2000: Gabi Schmitt, Harald Schmitt<\/p><p>1999: Gunther Gegenheimer, Wolfgang Gro\u00dfm\u00fcller<\/p><p>1998: Gabi Schmitt, Harald Schmitt<\/p><p>1997: Ulrich Nicol, Stefan Geckle<\/p><p>1996: Ulrich Nicol, Wolfgang Gro\u00dfm\u00fcller<\/p><p>1995: Gunther Gegenheimer, Wolfgang Gro\u00dfm\u00fcller<\/p><p>1994: Gunther Gegenheimer, Georg Andler<\/p><p>1993: Gunther Gegenheimer, Georg Andler<\/p><p>1992: Gunther Gegenheimer, Georg Andler<\/p>\t\t\t\t\t\t\t\t<\/div>\n\t\t\t\t<\/div>\n\t\t\t\t\t<\/div>\n\t\t<\/div>\n\t\t\t\t\t<\/div>\n\t\t<\/section>\n\t\t\t\t<\/div>\n\t\t","protected":false},"excerpt":{"rendered":"<p>Chronik 1991 trafen sich 16 engagierte Boulespielerinnen und Boulespieler in Karlsbad-Ittersbach, um den Boule-Club 1991 &#8222;Boulin-Rouge&#8220; Karlsbad e.V. zu gr\u00fcnden. Der Eintrag ins Vereinsregister erfolgte am 17.03.1992. Von den Gr\u00fcndungsmitgliedern sind heute noch mehrere Spieler aktiv dabei. Am 28.10.2013 wurde der Verein, lt. Satzungsneufassung, ge\u00e4ndert in Boule-Club 1991 &#8222;Boulin Rouge&#8220; Straubenhardt\/Karlsbad e.V. Der Verein hat [&hellip;]<\/p>\n","protected":false},"author":1,"featured_media":0,"parent":0,"menu_order":0,"comment_status":"closed","ping_status":"closed","template":"elementor_header_footer","meta":{"ocean_post_layout":"","ocean_both_sidebars_style":"","ocean_both_sidebars_content_width":0,"ocean_both_sidebars_sidebars_width":0,"ocean_sidebar":"0","ocean_second_sidebar":"0","ocean_disable_margins":"enable","ocean_add_body_class":"","ocean_shortcode_before_top_bar":"","ocean_shortcode_after_top_bar":"","ocean_shortcode_before_header":"","ocean_shortcode_after_header":"","ocean_has_shortcode":"","ocean_shortcode_after_title":"","ocean_shortcode_before_footer_widgets":"","ocean_shortcode_after_footer_widgets":"","ocean_shortcode_before_footer_bottom":"","ocean_shortcode_after_footer_bottom":"","ocean_display_top_bar":"default","ocean_display_header":"default","ocean_header_style":"","ocean_center_header_left_menu":"0","ocean_custom_header_template":"0","ocean_custom_logo":0,"ocean_custom_retina_logo":0,"ocean_custom_logo_max_width":0,"ocean_custom_logo_tablet_max_width":0,"ocean_custom_logo_mobile_max_width":0,"ocean_custom_logo_max_height":0,"ocean_custom_logo_tablet_max_height":0,"ocean_custom_logo_mobile_max_height":0,"ocean_header_custom_menu":"0","ocean_menu_typo_font_family":"0","ocean_menu_typo_font_subset":"","ocean_menu_typo_font_size":0,"ocean_menu_typo_font_size_tablet":0,"ocean_menu_typo_font_size_mobile":0,"ocean_menu_typo_font_size_unit":"px","ocean_menu_typo_font_weight":"","ocean_menu_typo_font_weight_tablet":"","ocean_menu_typo_font_weight_mobile":"","ocean_menu_typo_transform":"","ocean_menu_typo_transform_tablet":"","ocean_menu_typo_transform_mobile":"","ocean_menu_typo_line_height":0,"ocean_menu_typo_line_height_tablet":0,"ocean_menu_typo_line_height_mobile":0,"ocean_menu_typo_line_height_unit":"","ocean_menu_typo_spacing":0,"ocean_menu_typo_spacing_tablet":0,"ocean_menu_typo_spacing_mobile":0,"ocean_menu_typo_spacing_unit":"","ocean_menu_link_color":"","ocean_menu_link_color_hover":"","ocean_menu_link_color_active":"","ocean_menu_link_background":"","ocean_menu_link_hover_background":"","ocean_menu_link_active_background":"","ocean_menu_social_links_bg":"","ocean_menu_social_hover_links_bg":"","ocean_menu_social_links_color":"","ocean_menu_social_hover_links_color":"","ocean_disable_title":"on","ocean_disable_heading":"default","ocean_post_title":"","ocean_post_subheading":"","ocean_post_title_style":"","ocean_post_title_background_color":"","ocean_post_title_background":0,"ocean_post_title_bg_image_position":"","ocean_post_title_bg_image_attachment":"","ocean_post_title_bg_image_repeat":"","ocean_post_title_bg_image_size":"","ocean_post_title_height":0,"ocean_post_title_bg_overlay":0.5,"ocean_post_title_bg_overlay_color":"","ocean_disable_breadcrumbs":"default","ocean_breadcrumbs_color":"","ocean_breadcrumbs_separator_color":"","ocean_breadcrumbs_links_color":"","ocean_breadcrumbs_links_hover_color":"","ocean_display_footer_widgets":"default","ocean_display_footer_bottom":"default","ocean_custom_footer_template":"0","footnotes":""},"class_list":["post-33","page","type-page","status-publish","hentry","entry"],"_links":{"self":[{"href":"https:\/\/boulin-rouge.de\/index.php?rest_route=\/wp\/v2\/pages\/33","targetHints":{"allow":["GET"]}}],"collection":[{"href":"https:\/\/boulin-rouge.de\/index.php?rest_route=\/wp\/v2\/pages"}],"about":[{"href":"https:\/\/boulin-rouge.de\/index.php?rest_route=\/wp\/v2\/types\/page"}],"author":[{"embeddable":true,"href":"https:\/\/boulin-rouge.de\/index.php?rest_route=\/wp\/v2\/users\/1"}],"replies":[{"embeddable":true,"href":"https:\/\/boulin-rouge.de\/index.php?rest_route=%2Fwp%2Fv2%2Fcomments&post=33"}],"version-history":[{"count":54,"href":"https:\/\/boulin-rouge.de\/index.php?rest_route=\/wp\/v2\/pages\/33\/revisions"}],"predecessor-version":[{"id":1078,"href":"https:\/\/boulin-rouge.de\/index.php?rest_route=\/wp\/v2\/pages\/33\/revisions\/1078"}],"wp:attachment":[{"href":"https:\/\/boulin-rouge.de\/index.php?rest_route=%2Fwp%2Fv2%2Fmedia&parent=33"}],"curies":[{"name":"wp","href":"https:\/\/api.w.org\/{rel}","templated":true}]}}